.
2, 23
Let w be 1 - 4 - (5 + -3). What are the prime factors of 155/(-62)*1648/w?
2, 103
Let b(q) = -19*q + 1871. Let v be b(0). Suppose f - 7559 = -4*o, 0 = o + 6*f - 2*f - v. List the prime factors of o.
31, 61
Let o(h) = h**3 - 37*h**2 - 82*h + 30. List the prime factors of o(44).
2, 4987
Suppose 15*k - 1190346 + 76350 = -59601. What are the prime factors of k?
3, 23431
Let f(c) = -7*c**3 + 4*c**2 + 122*c + 200. List the prime factors of f(-10).
2, 5, 11, 29
List the prime factors of 5516/8 + (-9)/(-27)*(-12)/(-8).
2, 3, 5, 23
Suppose 3 = 4*v - 3*v - y, -2*y = 4*v + 6. Let f(o) = 21*o - 42. Let x be f(10). Suppose v = g + 39 - x. What are the prime factors of g?
3, 43
List the prime factors of ((-4912291)/12)/(-31) + (-1)/12.
5, 19, 139
Suppose -398525 = -8*r - 8*r - 50685. What are the prime factors of r?
2, 5, 1087
Suppose 3*f = -3*h + 27, -27 = -2*h - 3*f - 4. Suppose -3*a - 4*o = -648, 0 = -2*o + 6*o - 12. Suppose -a = h*i - 536. What are the prime factors of i?
3
Let v(s) = s**2 + 10*s - 25. Let w be v(-13). Suppose -18*k + 448 = -w*k. List the prime factors of k.
2, 7
Let z(p) = 14748*p - 1772. List the prime factors of z(2).
2, 29, 239
Suppose 0 = -4*m - 149 + 13. Let j = m - -106. List the prime factors of j.
2, 3
Let i(r) = 23*r + 96. Let a(d) = 22*d + 99. Let b(t) = -2*a(t) + 3*i(t). List the prime factors of b(9).
3, 5, 7
Let h(b) = 191*b - 1296. What are the prime factors of h(41)?
5, 1307
Let r(i) = -8*i + 9. Let w be ((-64)/(-40))/(2/(-10)). Let z be w/3*((-116)/(-16) - 5). What are the prime factors of r(z)?
3, 19
Let p = -250 - -250. Suppose -w = s - 468, 4*s + w = -p*w + 1872. What are the prime factors of s?
2, 3, 13
Let s = 223 + -221. What are the prime factors of (s - 5) + (5 - -288)?
2, 5, 29
Let v(k) = -k**3 - 26*k**2 - 98*k + 1738. List the prime factors of v(-47).
52733
Let b = -5778 + 14624. What are the prime factors of b?
2, 4423
Let h = 18 - 18. Suppose h = 3*i, -2 - 10 = -3*m + i. List the prime factors of (-316)/(-16)*m*3.
3, 79
List the prime factors of 12711/5 + (3024/240)/7.
2, 3, 53
What are the prime factors of (445 + -12 + 14)*61?
3, 61, 149
Suppose 93*j - 454328 = 224386. List the prime factors of j.
2, 41, 89
Suppose 173*x - 6860 = 166*x. Let d = x - -344. List the prime factors of d.
2, 331
Suppose -20*m + 632160 = -489120. What are the prime factors of m?
2, 3, 73
What are the prime factors of (7/(-5))/((-5)/(-15))*3320/(-4)?
2, 3, 7, 83
Let c(o) = 15*o - 3. Let l be c(-1). Suppose -7*d + 2*d - 3*j + 106 = 0, -3*d + 4*j = -52. Let i = l + d. What are the prime factors of i?
2
Let l(d) = 7*d**2 + 9*d - 72. Let q(o) = -10*o**2 - 13*o + 108. Let v(p) = 7*l(p) + 5*q(p). Let m be v(-8). List the prime factors of (16/m)/(3/(-169 - 2)).
2, 19
Let w(a) = 3*a - 80. Let v be w(14). What are the prime factors of 1 - 123/6*v/1?
2, 3, 5, 13
Let v be 28/6 - (-22)/(-33). Suppose 4*n - 4*t + 6*t - 32 = 0, -v = -t. Suppose n*b = 74 + 70. What are the prime factors of b?
2, 3
Suppose 5*s - 47 - 33 = 0. Let f = 4 - 2. Let v = s + f. What are the prime factors of v?
2, 3
Suppose r - 2*r + 3 = 0. Suppose d + r*s = -2, -2*d - 2*s = -6*s - 26. List the prime factors of 3*(-5 + d)*(-3)/(-2).
3
Let i(x) = -x**3 - 17*x**2 - 30*x + 16. Let k = 4 - -34. Suppose -3*h - 9 = 0, -2*h - 43 = 5*j + k. List the prime factors of i(j).
2
Suppose -2*j + 22*w + 2373 = 21*w, -4761 = -4*j - w. What are the prime factors of j?
29, 41
Let f(c) = -1077*c - 7377. List the prime factors of f(-11).
2, 3, 5, 149
Suppose 0*k - 47 = -5*k - 3*w, 18 = 2*k + 2*w. Suppose 0 = -7*b + 4*b - 4*s, -4*b + 3*s = 0. Suppose k*j + j - 286 = b. List the prime factors of j.
2, 13
Suppose 3*o = 100 + 4448. Let h = 2988 - o. What are the prime factors of h?
2, 23
Suppose 6*t + 10*t = 160. List the prime factors of (0 - -2) + 108*(t + 4).
2, 757
Let w be 2 + (3 - 1) + 4. Suppose -w*k = -3*k. Suppose r - 2*i - 72 = 2*i, -5*r + 2*i + 270 = k. List the prime factors of r.
2, 13
Let l be ((-24)/(-18))/((-2)/6). Let w be (-1)/(-4) + (-827)/l. Let a = 309 - w. List the prime factors of a.
2, 3, 17
Let z = -8037 + 13399. Suppose -6*l = -z + 2170. List the prime factors of l.
2, 7, 19
Suppose 2*d + 5*m = -41, 0 = 3*d + 2*d - 4*m + 20. Let i be (d/(-6))/(-4*3/(-36)). List the prime factors of (-4)/(-6)*(20 + i/(-2)).
2, 3
Let x be ((-11)/(-4))/(2*(-1)/(-80)). Suppose 4*m = 3*t - 165, 8*m = -2*t + 12*m + x. What are the prime factors of t?
5, 11
Let r be (-2 - -1)/(5/(-70) - 0). Suppose 105 = r*x - 21*x. What are the prime factors of (-151 - 0)/(-16 - x)?
151
Suppose 126*b + 4*c - 75790 = 124*b, 4*b - 4*c = 151544. What are the prime factors of b?
37889
Suppose a = 3*z - 20639, 20*z - 27549 = 16*z - 3*a. List the prime factors of z.
2, 3, 31, 37
Suppose -5*d + 2*d + 168 = 0. Let i = d + -134. Let v = 167 + i. What are the prime factors of v?
89
Suppose 2*a - 5*z = -a + 37779, 25154 = 2*a + 2*z. What are the prime factors of a?
12583
Let b(v) = -4*v**3 + 5*v**2 - 4*v + 3. List the prime factors of b(-13).
2, 7, 173
Let u = 2542 + -1264. Suppose s - 7 = -6, x = 5*s + u. List the prime factors of x.
1283
Let b(j) = 373*j - 4211. What are the prime factors of b(58)?
7, 19, 131
Let g(s) = -6*s + 244. Let z be g(40). Suppose -61 + 181 = 3*x. Suppose -x = -0*m - z*m. What are the prime factors of m?
2, 5
Suppose 22*s - 26059 + 3157 = 0. Suppose -3*x + 4*v = -s, -5*v = 6*x - 3*x - 1068. List the prime factors of x.
3, 13
Let t = 149 + -145. Suppose 3*x - 127 - 263 = 0. Suppose 2*m = -2*i + x, 2*i - 334 = -3*i + t*m. What are the prime factors of i?
2, 3, 11
Let a(y) = y**2 + 2*y + 7. Suppose k - 5*i - 128 = 0, 204 = 4*k - 2*k + 3*i. Suppose -k = 12*t - 36. List the prime factors of a(t).
31
Suppose 87 = 3*d + 5*y, 0 = 4*d - 0*d + 4*y - 116. Let w = d - 82. Let o = -12 - w. List the prime factors of o.
41
Let i be (0 + 8/(-2))*30/3. List the prime factors of i/(-8) + 1 + 54.
2, 3, 5
Suppose 3*v + 2*w - 4444 = 10822, -2*v - 5*w + 10159 = 0. What are the prime factors of v?
2, 19, 67
Let u = 889 + 2421. List the prime factors of u.
2, 5, 331
Suppose 5*o - 5*a - 20 = 0, 3*a - 19 = -3*o - 1. Suppose -4*u + 528 = d, -3*u + 2572 = -o*d + 10*d. List the prime factors of d.
2
Let c = 9084 - 4092. What are the prime factors of c?
2, 3, 13
Suppose -4*c + p + 39 = 0, -2*c + 0*c = 3*p - 23. Let w(l) = 13*l + 1 + 1 + l. What are the prime factors of w(c)?
2, 71
Suppose -20628 = 34*m - 36*m - 5*r, m = r + 10321. List the prime factors of m.
17, 607
Suppose 2*p - 4*n + 0*n - 114 = 0, 3*p + 4*n - 161 = 0. Let u = 57 - p. Suppose -3*h + 3*y + 270 = -0*y, 0 = -2*h - u*y + 188. List the prime factors of h.
2, 23
Let t(u) = -u**3 - u + 6. Let q(k) = k - 1. Let l(g) = 3*q(g) + t(g). Let d be l(0). What are the prime factors of 120/9 - d/9?
13
Suppose 7*o = 5313 + 4326. Let c = o + -524. List the prime factors of c.
853
Let r be (2 - 4/6)/((-14)/(-105)). Let z be 8242/r - (4 - 76/20). List the prime factors of 6/(-15) + (1 - z/(-10)).
83
Suppose -27290 = -p - t + 11150, -3*p + 115321 = 4*t. What are the prime factors of p?
3, 4271
Let n(o) = -14*o**2 + 31*o**3 + 45*o + 27*o - 94*o - 35*o**3 - 9. List the prime factors of n(-4).
3, 37
Let z(q) = q**3 + 20*q**2 - 21*q + 5. Let m be z(-21). Let r(v) = 3*v + 39. What are the prime factors of r(m)?
2, 3
Let v(l) = 753*l + 8749. List the prime factors of v(4).
19, 619
Let y = -31696 - -42456. What are the prime factors of y?
2, 5, 269
Let g be 1 - 9/((-27)/12). List the prime factors of (174/g)/(4/(-220)*-11).
2, 3, 29
Let j be 4 + (-8 - -1) - 1*-17. List the prime factors of 3/21 + 1286/j.
2, 23
What are the prime factors of (2 - 3) + (-15)/3 + (-10 - -1231)?
3, 5
Let i = -737 - -1523. Let j = 1200 - i. List the prime factors of j.
2, 3, 23
What are the prime factors of 301290/105 - (-9)/(-21)?
19, 151
What are the prime factors of (608/64 - 8)*((-30962)/(-3) + -2)?
2, 71, 109
Suppose 2*l = 2*h, -h - 2*l + 2 = -13. Suppose 3*p + 4*a = 453, -p - h*a + 155 = 15. What are the prime factors of p?
5, 31
Let y be 9/24*172*2. Let g = -124 + y. List the prime factors of g.
5
Let g(b) = -b**2 + 6*b + 38. Let a be g(-4). Let t = a - -201. List the prime factors of t.
199
Suppose 70*h + 3212309 = 117*h. List the prime factors of h.
41, 1667
Let k = 3966 - 1578. What